3).
-20
Let t(o) = o**3 - 16*o**2 + 375. What is t(14)?
-17
Let o(f) = 14*f**3 + 43*f**2 + 203*f + 595. What is o(-3)?
-5
Let p(s) = -36*s**2 - 2499*s - 1044. Determine p(-69).
-9
Let j(t) = -3*t**3 - 1023*t**2 + 2058*t + 23. Give j(-343).
23
Let w(r) = r**3 + 12*r**2 - 451*r - 70. Calculate w(-28).
14
Let f(u) = 3*u + 14. What is f(0)?
14
Let y(c) = -70*c**2 + 446*c - 5. Determine y(6).
151
Let k(s) = 8*s + 53. Determine k(-10).
-27
Let a(p) = 6*p**3 - 274*p**2 - 93*p + 68. What is a(46)?
22
Let z(p) = -266*p - 7175. Determine z(-27).
7
Let m(i) = i**3 - 19*i**2 + 60*i + 31. Determine m(15).
31
Let r(z) = 615*z + 79353. What is r(-129)?
18
Let g(r) = -2*r**3 + 4*r**2 + 45*r - 141. What is g(5)?
-66
Let p(v) = -2*v**3 + 182*v**2 + 183*v + 81. Calculate p(92).
-11
Let v(t) = 53*t - 165. Determine v(11).
418
Let u(k) = 12*k**2 + 90*k - 163. Give u(-9).
-1
Let h(f) = 7*f**3 + 117*f**2 - 38*f + 46. Give h(-17).
114
Let i(t) = -t**2 - 32*t - 7. Calculate i(-31).
24
Let l(q) = 382*q - 56159. Give l(147).
-5
Let a(z) = 60*z - 846. Give a(18).
234
Let c(m) = 814*m - 14649. Determine c(18).
3
Let u(t) = -2*t**3 + 28*t**2 + 3*t - 42. Give u(14).
0
Let u(z) = 3*z**3 + 80*z**2 - 12*z + 412. Determine u(-27).
7
Let h(k) = -46*k - 89. Calculate h(-2).
3
Let k(g) = -g**3 + 40*g**2 - 194*g - 342. Calculate k(34).
-2
Let d(z) = -3*z**3 + 2*z**2 + 31*z - 2. What is d(-3)?
4
Let g(n) = -45*n**2 - 450*n + 11. What is g(-10)?
11
Let f(u) = 4*u**2 + 53*u - 36. Give f(-13).
-49
Let j(w) = -w**3 + 59*w**2 - 107*w + 26. Calculate j(57).
425
Let m(w) = 6*w**2 + 73*w + 163. Determine m(-9).
-8
Let f(z) = z**2 - 44*z + 8. Determine f(51).
365
Let r(w) = 2*w**2 - 140*w + 1921. Calculate r(55).
271
Let g(z) = -6*z**2 - 264*z. Determine g(-44).
0
Let g(n) = n**3 - 105*n**2 - 88*n - 1890. What is g(106)?
18
Let o(u) = 27*u**2 + 19*u + 4. What is o(-2)?
74
Let k(b) = 79*b - 629. Give k(0).
-629
Let o(s) = -55*s + 15. Determine o(2).
-95
Let d(s) = 259*s + 58540. What is d(-226)?
6
Let p(q) = 4*q**2 - 60*q - 130. Calculate p(-2).
6
Let u(l) = -2*l**3 + 29*l**2 - 81*l + 59. Give u(11).
15
Let m(c) = 786*c + 7079. Give m(-9).
5
Let k(v) = -2*v**3 - v**2 + 3*v - 37. Give k(0).
-37
Let m(s) = 230*s + 234. Calculate m(-1).
4
Let t(f) = 2*f**2 - 394*f - 4588. What is t(208)?
-12
Let z(v) = 5*v**3 + 74*v**2 - 13*v + 50. Calculate z(-15).
20
Let c(r) = -14*r + 748. Calculate c(30).
328
Let b(a) = -27*a**2 + 405*a - 6. Give b(15).
-6
Let k(y) = y**3 + 105*y**2 - 789*y - 567. Calculate k(-112).
-7
Let w(u) = -u**3 + 86*u**2 - 1749*u - 4. Give w(53).
-4
Let i(a) = -98*a + 4809. What is i(49)?
7
Let p(b) = -26*b - 757. What is p(-27)?
-55
Let h(b) = -b**3 + 29*b**2 - 174*b + 15. Calculate h(21).
-111
Let u(n) = n**3 + 14*n**2 + 62*n + 104. What is u(-7)?
13
Let b(p) = 118*p + 111. What is b(-1)?
-7
Let t(k) = -k**3 + 37*k**2 - 205*k + 112. Give t(6).
-2
Let s(c) = -2*c**3 - 20*c**2 - 9*c - 99. Determine s(-10).
-9
Let k(n) = -1713*n + 15452. Give k(9).
35
Let w(x) = x**3 + 8*x**2 + 3*x - 13. Determine w(-10).
-243
Let g(v) = 7*v - 145. Give g(13).
-54
Let l(a) = 8*a**2 - 21*a + 1. Give l(2).
-9
Let h(l) = -108*l - 1040. What is h(-8)?
-176
Let j(c) = -2*c**3 + 7*c**2 - 12*c + 2. Determine j(2).
-10
Let g(w) = -w**3 - 6*w**2 - 8*w - 3. Determine g(-3).
-6
Let m(s) = -9*s + 317. Calculate m(36).
-7
Let g(m) = -1259*m + 3786. Determine g(3).
9
Let c(u) = 17*u + 26. Give c(10).
196
Let y(c) = 5*c**2 - 7*c - 2. What is y(0)?
-2
Let y(c) = 2698*c - 53965. Give y(20).
-5
Let j(c) = -c**3 - 9*c**2 + 8*c + 89. What is j(-9)?
17
Let g(y) = y**2 - 28*y + 100. What is g(24)?
4
Let z(m) = m**3 + 7*m**2 - 15*m - 100. Determine z(-4).
8
Let v(y) = 289*y + 8690. What is v(-30)?
20
Let w(p) = -32*p - 1785. Calculate w(-56).
7
Let u(i) = -100*i + 11104. What is u(111)?
4
Let x(i) = -38*i + 875. What is x(23)?
1
Let j(n) = 22*n + 170. Calculate j(-10).
-50
Let t(q) = -834*q + 11681. What is t(14)?
5
Let k(l) = 58*l - 467. What is k(8)?
-3
Let i(a) = a**3 - 14*a**2 - 18*a - 18. Give i(15).
-63
Let o(l) = -l**2 + 20*l - 97. Determine o(12).
-1
Let v(c) = 4*c**3 + 74*c**2 + 51*c + 270. Give v(-18).
0
Let h(s) = -375*s + 16914. Give h(45).
39
Let j(b) = -5*b + 13. Calculate j(7).
-22
Let x(r) = 2*r**2 - 36*r - 38. Calculate x(22).
138
Let o(a) = a**2 - 27*a - 4391. What is o(-54)?
-17
Let h(k) = -142*k - 3400. What is h(-24)?
8
Let d(r) = -184*r + 6102. Give d(33).
30
Let d(u) = 2*u**3 + 2*u**2 - 73*u + 141. Determine d(2).
19
Let n(k) = -k**3 + 35*k**2 - 37*k + 96. Give n(34).
-6
Let w(y) = -y**3 + 4*y**2 + 10*y + 84. What is w(7)?
7
Let w(d) = -12*d**2 + 1398*d - 680. Calculate w(116).
16
Let a(n) = 60*n + 528. Determine a(-9).
-12
Let p(v) = 2*v**2 - 50*v - 101. What is p(-2)?
7
Let s(o) = 16*o - 59. Determine s(-5).
-139
Let r(t) = 4*t**2 + 248*t - 3898. Determine r(13).
2
Let v(o) = -6*o**3 + 49*o**2 - 76*o + 560. Calculate v(8).
16
Let x(n) = 110*n + 16. Determine x(-3).
-314
Let a(l) = -2*l**2 - 10*l + 81. Calculate a(0).
81
Let z(v) = 693*v - 2084. Determine z(3).
-5
Let j(q) = -1675*q - 63645. Give j(-38).
5
Let h(q) = q**2 + 12*q - 565. Calculate h(-30).
-25
Let y(t) = 23*t**2 - 2. Calculate y(1).
21
Let x(a) = 24*a**3 + 744*a**2 - 2*a - 58. What is x(-31)?
4
Let m(h) = 126*h + 6433. What is m(-51)?
7
Let q(g) = 39*g + 972. What is q(-17)?
309
Let x(u) = 12*u**2 - 219*u - 171. Give x(19).
0
Let f(y) = 62*y - 3421. Calculate f(56).
51
Let r(k) = 346*k - 6219. Determine r(18).
9
Let x(i) = -147*i + 17489. Calculate x(119).
-4
Let i(n) = 27*n**2 - 48*n - 15. Determine i(5).
420
Let n(q) = 2*q**2 + 56*q + 173. Calculate n(-33).
503
Let c(d) = -43*d - 271. What is c(3)?
-400
Let m(c) = -13*c + 348. Determine m(27).
-3
Let n(s) = -6*s**2 - 44*s - 52. Determine n(-6).
-4
Let j(d) = d**3 - 35*d**2 + 65*d - 994. Calculate j(34).
60
Let q(v) = 4*v**3 - 21*v**2 + 30*v - 38. Determine q(4).
2
Let h(n) = 3*n**2 - 29*n + 29. Give h(8).
-11
Let c(b) = 160*b - 1240. What is c(8)?
40
Let x(u) = -33*u + 84. Give x(5).
-81
Let c(s) = -2*s**3 + 4*s**2 + 14*s + 40. Calculate c(-4).
176
Let v(p) = 194*p - 12410. Give v(64).
6
Let g(k) = 1334*k - 9317. Give g(7).
21
Let v(c) = -152*c + 1759. Calculate v(12).
-65
Let j(a) = -4*a**2 + 32*a + 23. What is j(7)?
51
Let l(z) = z**2 + 70*z - 1271. Determine l(-86).
105
Let z(c) = 21*c - 93. Determine z(8).
75
Let j(h) = -31*h + 2665. Determine j(85).
30
Let o(d) = d**3 - 13*d**2 + 29*d + 64. Determine o(9).
1
Let m(w) = w**3 + 26*w**2 - 49*w + 111. What is m(-28)?
-85
Let b(o) = 2*o**3 - 102*o**2 + 150*o - 2510. Give b(50).
-10
Let l(f) = -f**3 + 16*f**2 - 17*f + 33. What is l(15)?
3
Let h(z) = 50*z + 391. Calculate h(-10).
-109
Let f(y) = -3*y**3 + 326*y**2 + 775*y + 218. Determine f(111).
-4
Let f(c) = c**3 + 4*c**2 + 11*c + 15. Give f(-6).
-123
Let u(x) = -27*x**2 + 23*x + 74. Give u(-3).
-238
Let h(r) = -r**2 - 29*r + 158. Determine h(0).
158
Let h(q) = -19*q**2 - 42*q + 82. Give h(2).
-78
Let h(a) = -532*a + 66493. Give h(125).
-7
Let c(l) = -l**3 + 32*l**2 + 30*l + 105. Give c(33).
6
Let v(r) = -r**2 - 26*r - 86. Determine v(-4).
2
Let f(u) = -22*u + 815. What is f(37)?
1
Let n(b) = -b**3 + 22*b**2 - 25*b - 13. Determine n(21).
-97
Let f(x) = -x**3 + 4*x**2 + 24*x - 14. What is f(7)?
7
Let r(f) = f**2 + 122*f + 573. Calculate r(-117).
-12
Let j(w) = -w**3 - 23*w**2 - 24*w - 33. What is j(-22)?
11
Let z(v) = 38*v + 776. Give z(-21).
-22
Let m(p) = -p**2 + 24*p + 1001. What is m(46)?
-11
Let o(f) = -3*f**2 - 102*f + 21841. What is o(-104)?
1
Let a(x) = -2515*x - 17614. Calculate a(-7).
-9
Let f(p) = -8*p**3 + 520*p**2 - 41*p + 2657. Give f(65).
-8
Let g(z) = -6*z - 128. Give g(-40).
112
Let h(x) = 2*x**3 - 234*x**2 - 291*x + 6503. Give h(118).
13
Let u(p) = 2*p**3 + 2*p**2 - 100*p + 98. Determine u(1).
2
Let o(t) = 215*t + 1084. Calculate o(-5).
9
Let a(p) = 13*p**2 + 422*p + 253. Calculate a(-32).
61
Let i(r) = r**3 + 4*r**2 - 25*r - 37. What is i(-7)?
-9
Let q(p) = 3*p**3 - 107*p**2 + 154*p + 515. What is q(34)?
-29
Let y(z) = 30*z**2 + 958*z - 92. What is y(-32)?
-28
Let d(g) = -48*g + 1058. Give d(22).
2
Let l(s) = 5*s**2 - 24*s - 38. Calculate l(9).
151
Let w(y) = -y**3 + 2*y**2 + 2247*y. Calculate w(0).
0
Let k(l) = l**2 - 6*l + 13. Give k(5).
8
Let a(h) = 119*h - 2